divided by (4/(-5))/2*-35.
11
Let o(l) = l**3 + 8*l**2 + 9*l + 15. What is the remainder when o(-5) is divided by 12?
9
Let s = 18 + -16. Suppose -j = 2*j + 3*h - 120, s*h - 10 = 0. Calculate the remainder when j is divided by 12.
11
Calculate the remainder when (2/3 + 0)/(2/42) is divided by 5.
4
Let x be 2*4 + (6 - 4). Suppose 2*a - 2 = a - o, 2*a - 4*o = x. Suppose -g - 5*n = -8, -g + 12 = 2*g + a*n. Calculate the remainder when 7 is divided by g.
1
Suppose 0 = -2*n - f + 19 + 462, -4*n - 4*f + 972 = 0. What is the remainder when n is divided by 48?
46
Let x be (1/1 + -2)*-4. Suppose 0*t + x*j = t - 13, -4*t = -j - 52. What is the remainder when 38 is divided by t?
12
Suppose 0 = -w + 4*w - 12. Let n = 13 - 8. Suppose 5*p - 4 = n*i - 2*i, w*i = -p + 33. Calculate the remainder when i is divided by 3.
1
Suppose 7 = -4*j + 31. Calculate the remainder when 17 is divided by j.
5
Suppose -164 - 20 = -8*m. What is the remainder when 90 is divided by m?
21
Let n(d) = 6*d**3 + 6*d**2 + 7. Let q(s) = -7*s**3 - 7*s**2 - 6. Let z(r) = 6*n(r) + 5*q(r). What is the remainder when 34 is divided by z(0)?
10
Let t = 11 - 9. Suppose 4*o - 3*q - 54 = 0, -t*o - 5*q + 10*q = -34. Suppose 0*l - 44 = -2*l. What is the remainder when l is divided by o?
10
Suppose -219 - 26 = 5*n. Let w = n + 86. What is the remainder when w is divided by 10?
7
What is the remainder when -4 + 2 + -2 - -4 - -209 is divided by 35?
34
Let f(g) = -g + 4. Calculate the remainder when 50 is divided by f(-9).
11
Calculate the remainder when 62 is divided by (7/2)/(1/6).
20
Let r be (10/6 + -2)*-9. Let g(u) = 6*u**2 + 1. What is the remainder when g(r) is divided by 14?
13
Calculate the remainder when -1*8*-1*1 is divided by 3.
2
Let l be 3/(-2)*48/(-9). Let x be ((-3)/1)/(6/l). Calculate the remainder when (x/(-10))/(2/60) is divided by 5.
2
Let f = -3 - -6. Let q be f + -1 + 2/2. Suppose s - 5*b = -b + 7, 0 = -q*s - 5*b + 55. Calculate the remainder when s is divided by 8.
7
Let y = -2 + 4. Calculate the remainder when 17 + 4/(0 + y) is divided by 7.
5
Let k(u) = 8*u + 3. Let w be k(3). Suppose -w = -5*o + 18. Suppose -4*v - o + 25 = 0. What is the remainder when v is divided by 2?
0
Suppose -2*i = -4, 2*i = 2*o - o - 17. Calculate the remainder when 80 is divided by o.
17
Suppose -99 - 51 = -6*v. Calculate the remainder when v is divided by 9.
7
Suppose 19 - 7 = 2*g. Let q(f) = -2*f - 2. Calculate the remainder when q(-6) is divided by g.
4
Let b = 588 - 587. Let a = -3 + 6. Calculate the remainder when a is divided by b.
0
Let t = 442 - 237. Suppose 5*r = -5*v + t, 5*v - v = -5*r + 201. Calculate the remainder when r is divided by 13.
11
Suppose 0 = -u - 5 + 2. Let w be ((-14)/u)/((-2)/3). Let t(d) = -3*d + 2. What is the remainder when t(w) is divided by 6?
5
Suppose 2*i = 3*x - 13, 5*x - 25 = 7*i - 3*i. Calculate the remainder when 30/(i/(40/(-6))) is divided by 21.
19
Suppose 4*d - 430 = -34. Calculate the remainder when d is divided by 51.
48
Let d(i) = 2*i**3 - 2*i**2 - 3*i + 4. Let v(y) = y - 32. Let g(h) = h - 33. Let r(s) = 4*g(s) - 5*v(s). Calculate the remainder when d(3) is divided by r(12).
15
Let b(a) = 6*a**3 + 4*a - 3. What is the remainder when b(2) is divided by 29?
24
Let a = -23 - -70. Suppose -113 + 29 = -7*z. What is the remainder when a is divided by z?
11
Let k = 6 + -4. Suppose k*c - 6 = -c. Suppose -2*h + 4*r + 31 = 11, -c*h = -3*r - 18. What is the remainder when 16 is divided by h?
4
Let a(y) = -2*y**3 - 6*y**2 - 4*y - 1. Let b(l) = -4*l**3 - 12*l**2 - 9*l - 2. Let r(v) = 7*a(v) - 3*b(v). Calculate the remainder when r(-4) is divided by 9.
8
Let y(q) = 2*q**2 - 2*q - 4. What is the remainder when y(4) is divided by 3?
2
Let h = -372 + 644. Calculate the remainder when h is divided by 25.
22
Suppose 0 = 10*z - 7*z - 216. Calculate the remainder when z is divided by 15.
12
Suppose -52 = -5*m - 7. Calculate the remainder when m is divided by 6.
3
Let y(w) = -w**2 + 8*w - 7. Let b be y(6). Suppose -3*r - 4*l = 7, 0 = r - b*l + 4*l. Calculate the remainder when 31 is divided by 30/9*3 - r.
9
Let k = 17 + -17. Let t be (0/(-1) - 1)*-3. Suppose k*a - 12 = -t*a. Calculate the remainder when 6 is divided by a.
2
Suppose -11 = 3*z - 4*z. Calculate the remainder when 3/2 - 13*12/(-8) is divided by z.
10
Calculate the remainder when 3*12/(-27)*-51 is divided by 23.
22
Suppose 160 = 4*x - 60. Suppose 0 = 4*a - 17 - x. Calculate the remainder when a is divided by 10.
8
Let o(s) = s**3 + 8*s**2 + 4. Let l be o(-8). Suppose l*q + q - 35 = 0. What is the remainder when q is divided by 3?
1
Suppose 3*l + 5*s + 7 + 3 = 0, -4*l - 5*s - 10 = 0. Suppose 5*a - 4*q - 293 = 0, l = 3*a + q - 110 - 76. Calculate the remainder when a is divided by 31.
30
Let w(t) = 5*t**2 - 2. Suppose 2*x - 6 = d, 4 = 3*d - 0*x + 5*x. What is the remainder when 89 is divided by w(d)?
17
Suppose o + 4*b - 108 = 0, -4*b = -1 + 17. Suppose -28 = -4*a - 4*y + 8, 2*a - y = 24. What is the remainder when (o/(-6))/((-4)/6) is divided by a?
9
Calculate the remainder when 106 is divided by (4/20 - 1)/(4/(-60)).
10
Let v = 25 - 44. Let g = 36 + v. Calculate the remainder when 33 is divided by g.
16
Suppose 3*j - 28 = j + 2*x, j = 3*x + 8. Let d = 3 + j. Let i = 118 + -60. Calculate the remainder when i is divided by d.
18
Suppose -4*y = -5*s + 165 - 12, 110 = 4*s + 3*y. What is the remainder when s is divided by 10?
9
Let i be (1 + 6)/(-1)*3. Let a = i - -41. What is the remainder when 58 is divided by a?
18
Let n(x) = 20*x + 5. Let v be n(3). Suppose -4*c = -v - 7. What is the remainder when c is divided by 10?
8
Let l be (9/(-6) - -2)*0. Let w = 0 - l. Suppose w = -0*g - g + 10. Calculate the remainder when 28 is divided by g.
8
Let x be ((-6)/(-2))/(9/(-42)). Let o = x - -17. Calculate the remainder when 10 is divided by o.
1
Suppose -207 = -7*f - 2*f. What is the remainder when f is divided by 3?
2
Let k(x) = -3*x - 6. What is the remainder when 118 is divided by k(-6)?
10
Let a be -1 - 1 - (-9)/3. Let i(m) = -m**2 + 2 + a - 1 + 2*m**2 - 4*m. Calculate the remainder when 27 is divided by i(6).
13
Suppose -b = -3*r + 41, b - 2*r = 2*b + 61. Let d = b - -86. What is the remainder when 64 is divided by d?
31
Let c be (-84)/(-35)*(-5)/(-2). Let v = 12 - c. What is the remainder when 10 is divided by v?
4
What is the remainder when ((-6)/4)/((-6)/12) is divided by (-4 - -3)/((-2)/6)?
0
Let f be 0/(-1 + 3 + -4). Suppose f*x + 1 = x. Calculate the remainder when -2 - (-12)/(-9)*-3 is divided by x.
0
Let s(l) be the first derivative of -l**4/4 + l**3/3 + l**2/2 + 11*l - 2. Let o = 70 + -39. Calculate the remainder when o is divided by s(0).
9
Suppose 3*s + 5 = -10, -4*k = s - 203. Let p = -30 + k. Let c = 30 - 22. What is the remainder when p is divided by c?
6
Let g(v) = -v**2 + 2*v. Let n be g(3). Let i = -2 - n. Suppose p = -3*m - 2*p, 0 = 2*m + 5*p + 6. What is the remainder when m is divided by i?
0
Let b = 111 - 63. Let r = b + -34. Let q(f) = 2*f**3 - 4*f**2 + 2*f + 3. What is the remainder when q(3) is divided by r?
13
Let q = 57 - 25. Suppose q = 5*i - 4*i. Calculate the remainder when i is divided by 1*((-2 - 0) + 13).
10
Suppose -5*g - 30 = -10*g. Let v(a) = -5*a - 3. Let q(h) = -h - 1. Let d(z) = 4*q(z) - v(z). Calculate the remainder when d(12) is divided by g.
5
Let g = -76 - -156. Suppose -4*h = -2*h - g. Calculate the remainder when h is divided by 20 - (1 + 2 + -4).
19
Calculate the remainder when -1 + (-618)/(-4) + (-3)/(-2) is divided by 39.
38
Suppose -5*z = 5*l - 65, -2*z = -z. Let q(p) = p**2 + 3*p - 5. What is the remainder when q(4) is divided by l?
10
Calculate the remainder when 1*-2 - (-40 + -1)*1 is divided by 20.
19
Let l(b) = 8*b**2. Suppose -m - 4*p = -2*m + 13, -9 = 3*p. Let y = -8 - -13. What is the remainder when l(m) is divided by y?
3
Let t = 4 + -6. Calculate the remainder when (t - -41) + 2/1 is divided by 11.
8
Let o = 50 + -28. Let b = -16 + o. Let m(x) = -9*x - 1. What is the remainder when m(-2) is divided by b?
5
Let w(m) = -2*m**2 + 27*m + 21. Let g(z) = -z**2 + 14*z + 10. Let o(b) = -5*g(b) + 3*w(b). What is the remainder when o(11) is divided by 8?
5
Calculate the remainder when (-390)/(-14) - 1/(-7) is divided by 15.
13
Let y be (3 - -1)*-1*-1. Let h be (9/(-1))/3 